te?
True
Is 16449 prime?
False
Is 16841 a prime number?
False
Is 935129 prime?
False
Is 278815 a prime number?
False
Is 140381 a prime number?
True
Is 863 composite?
False
Is 303407 prime?
False
Is 25439 a prime number?
True
Is 20047 a prime number?
True
Is 659 a composite number?
False
Is 605271 composite?
True
Is 34801 composite?
True
Is 7513 a prime number?
False
Is 117721 a composite number?
False
Is 77383 a composite number?
False
Is 116711 prime?
False
Is 236237 composite?
True
Is 23105 a composite number?
True
Is 158293 a prime number?
True
Is 4321 a composite number?
True
Is 4230623 composite?
False
Is 88927 a prime number?
False
Is 2113733 a prime number?
True
Is 12251 a composite number?
False
Is 3709 prime?
True
Is 10723 a composite number?
False
Is 907 composite?
False
Is 1535 a composite number?
True
Is 5853043 prime?
False
Is 58405 prime?
False
Is 31247 a composite number?
False
Is 39499 prime?
True
Is 31069 prime?
True
Is 6757 a prime number?
False
Is 23451 composite?
True
Is 422029 a composite number?
False
Is 972259 prime?
True
Is 4667 a composite number?
True
Is 2749 prime?
True
Is 473701 prime?
False
Is 154787 composite?
False
Is 76079 composite?
False
Is 5519 composite?
False
Is 190331 a prime number?
True
Is 67 composite?
False
Is 225559 composite?
True
Is 164663 composite?
False
Is 25219 prime?
True
Is 16273 composite?
False
Is 7037 prime?
False
Is 258959 prime?
True
Is 27613 a composite number?
True
Is 9601 a prime number?
True
Is 311633 composite?
True
Is 1073017 a prime number?
False
Is 847787 a composite number?
False
Is 3997 composite?
True
Is 6085 a prime number?
False
Is 47131 prime?
False
Is 3747 a composite number?
True
Is 6626 a prime number?
False
Is 86741 a prime number?
False
Is 16669 prime?
False
Is 236377 composite?
False
Is 517 prime?
False
Is 3691 a composite number?
False
Is 76679 a prime number?
True
Is 383479 prime?
False
Is 223534 a prime number?
False
Is 24611 a composite number?
False
Is 339103 a composite number?
False
Is 112163 composite?
False
Is 31587 a composite number?
True
Is 2459 composite?
False
Is 9553 a prime number?
False
Is 191519 prime?
True
Is 528013 prime?
True
Is 1905973 prime?
False
Is 5469 prime?
False
Is 20285 a composite number?
True
Is 116409 a composite number?
True
Is 233521 composite?
True
Is 1538 prime?
False
Is 1783 composite?
False
Is 813479 a composite number?
True
Is 5791 composite?
False
Is 53201 a prime number?
True
Is 131585 a prime number?
False
Is 43889 composite?
False
Is 2933 a prime number?
False
Is 77201 prime?
True
Is 124837 composite?
True
Is 467377 composite?
True
Is 309719 a composite number?
True
Is 16217 prime?
True
Is 29753 prime?
True
Is 789 prime?
False
Is 2005417 a prime number?
True
Is 49801 a composite number?
False
Is 284083 prime?
True
Is 181721 prime?
True
Is 193463 a composite number?
False
Is 8705 composite?
True
Is 30518 prime?
False
Is 848767 a composite number?
True
Is 216533 a prime number?
False
Is 799885 prime?
False
Is 273791 a composite number?
True
Is 44999 a prime number?
False
Is 220217 a composite number?
False
Is 112867 composite?
True
Is 101627 a composite number?
False
Is 5779 composite?
False
Is 23269 composite?
False
Is 62877 a composite number?
True
Is 2437 composite?
False
Is 20157 composite?
True
Is 37399 prime?
False
Is 22567 composite?
False
Is 6523 prime?
False
Is 319 prime?
False
Is 317 a prime number?
True
Is 1259 a composite number?
False
Is 784911 a prime number?
False
Is 15937 a composite number?
False
Is 157969 prime?
False
Is 2147407 a composite number?
False
Is 5086 composite?
True
Is 43759 a composite number?
False
Is 33559 a prime number?
False
Is 2923 a prime number?
False
Is 503003 a prime number?
True
Is 583 a composite number?
True
Is 4143 composite?
True
Is 2161 a prime number?
True
Is 28837 a composite number?
False
Is 22217 a prime number?
False
Is 52957 composite?
False
Is 4561 prime?
True
Is 73693 prime?
True
Is 5403 composite?
True
Is 673 a prime number?
True
Is 45863 prime?
True
Is 8201 a composite number?
True
Is 127913 a prime number?
True
Is 545663 a composite number?
False
Is 104977 composite?
True
Is 8951 a composite number?
False
Is 326717 prime?
False
Is 129905 a prime number?
False
Is 622721 composite?
True
Is 169329 a prime number?
False
Is 19961 prime?
True
Is 84691 a composite number?
False
Is 4821 prime?
False
Is 179509 a composite number?
True
Is 10214245 prime?
False
Is 4127 a prime number?
True
Is 673 a composite number?
False
Is 67369 prime?
True
Is 289729 a composite number?
True
Is 79967 a composite number?
False
Is 485131 prime?
True
Is 8483 a prime number?
False
Is 834697 prime?
False
Is 7069 composite?
False
Is 12287 a prime number?
False
Is 288289 prime?
False
Is 1882229 composite?
False
Is 46723 prime?
True
Is 15761 composite?
False
Is 69347 a prime number?
False
Is 289637 composite?
False
Is 113977 a composite number?
True
Is 3803 a composite number?
False
Is 2896661 prime?
True
Is 165569 a prime number?
True
Is 9527 a prime number?
False
Is 10427 a prime number?
True
Is 45779 a composite number?
False
Is 158659 a prime number?
False
Is 41969 a prime number?
True
Is 254755 composite?
True
Is 227921 prime?
False
Is 429719 a prime number?
True
Is 178597 composite?
False
Is 81827 a composite number?
True
Is 129 composite?
True
Is 11747 prime?
False
Is 14393 a composite number?
True
Is 144031 a composite number?
False
Is 641 a prime number?
True
Is 11721 a prime number?
False
Is 3599 a prime number?
False
Is 8981 a prime number?
False
Is 23329 prime?
False
Is 15427 a composite number?
False
Is 1759 prime?
True
Is 75351 prime?
False
Is 69313 composite?
False
Is 899597 a composite number?
True
Is 102587 a composite number?
False
Is 77963 composite?
True
Is 73237 composite?
False
Is 311881 composite?
False
Is 13631 a composite number?
True
Is 26777 a prime number?
True
Is 2602451 a prime number?
True
Is 889337 prime?
True
Is 81759 composite?
True
Is 59989 a prime number?
False
Is 517 prime?
False
Is 847787 prime?
True
Is 122447 composite?
True
Is 3800111 composite?
True
Is 142133 a composite number?
True
Is 71009 prime?
False
Is 1461 a prime number?
False
Is 14387 prime?
True
Is 2939 a composite number?
False
Is 28991 a composite number?
True
Is 7297 composite?
False
Is 9613 a composite number?
False
Is 40799 composite?
True
Is 727541 composite?
False
Is 10771 a prime number?
True
Is 1347821 prime?
False
Is 211 prime?
True
Is 71437 a composite number?
False
Is 47557 a composite number?
True
Is 766 prime?
False
Is 1693 a composite number?
False
Is 83339 a composite number?
False
Is 335381 composite?
False
Is 306809 a prime number?
True
Is 312359 a composite number?
True
Is 176173 a composite number?
True
Is 9961 a composite number?
True
Is 235401 a prime number?
False
Is 86755 prime?
False
Is 565769 composite?
False
Is 24131 a prime number?
False
Is 622561 a composite number?
False
Is 127559 composite?
True
Is 96569 a composite number?
True
Is 462841 composite?
False
Is 30631 composite?
False
Is 9511 a composite number?
False
Is 51409 a prime number?
False
Is 17859 prime?
False
Is 123317 prime?
False
Is 2927 prime?
True
Is 202159 a composite number?
True
Is 23921 prime?
False
Is 181157 prime?
True
Is 80026 a prime number?
False
Is 3817 prime?
False
Is 178147 composite?
True
Is 1838555 a prime number?
False
Is 10831 prime?
True
Is 140977 composite?
False
Is 337993 a composite number?
True
Is 45943 a prime number?
True
Is 1883 composite?
True
Is 180959 a prime number?
True
Is 1753 a composite number?
False
Is 527027 prime?
False
Is 557107 a prime number?
False
Is 1759 prime?
True
Is 743 prime?
True
Is 69809 prime?
True
Is 5539 prime?
False
Is 10249 a prime number?
False
Is 1857791 prime?
False
Is 294979 prime?
True
Is 566045 a prime number?
False
Is 9199 a prime number?
True
Is 413779 a prime number?
True
Is 163211 prime?
True
Is 185219 prime?
False
Is 17467 a composite number?
False
Is 57461 prime?
False
Is 16123 prime?
False
Is 8263 a composite number?
False
Is 4561 a prime number?
True
Is 3691 prime?
True
Is 61563 a prime number?
False
Is 29663 a composite number?
False
Is 2429 prime?
False
Is 13211 prime?
False
Is 6673 a prime number?
True
Is 5163 composite?
True
Is 8185 a prime